e (-5 - (-1 - 2)) + 5 - 0.
3
Evaluate (6 + 0 - 8) + (0 - 2).
-4
What is -43 + 43 - (1 + -1)?
0
Evaluate 4 + 3 + (6 - 2) + -5.
6
What is -4 + -1 - (-2 - 3)?
0
2 + 1 + -6 + 2
-1
Evaluate -5 + 3 + (-3 + 2 - 3).
-6
1 + (1 - (3 + 0 - -3))
-4
What is the value of 3 - (6 - -4 - 6)?
-1
Calculate -1 + (-4 - -6) - 2.
-1
What is 6 + (-4 - 0) + -2 - 3?
-3
What is (-33 - -28) + (3 - -1)?
-1
(1 - 3 - -6) + (3 - 0)
7
Calculate -2 - ((1 - -2) + (-7 - -6)).
-4
6 + -18 + 3 + 6
-3
What is -1 - -3 - (-3 - -6)?
-1
8 + (9 - 15) + (-1 - -3)
4
Calculate 16 - 8 - (-1 + 3 + 0).
6
What is the value of (-3 - -6) + 2 + (2 - 11)?
-4
What is 4 - (-3 + 4 + 6)?
-3
Calculate -2 - (-8 - (3 - 7)).
2
What is the value of -7 - -11 - (4 + 3 + 3)?
-6
(0 - 2) + -3 + -1
-6
Evaluate -4 - (5 + -10 + -4).
5
What is -6 + (2 - (-6 + 3)) - -6?
5
Evaluate -9 + 9 + (3 - 0).
3
What is -8 + (8 - 0) + 1?
1
What is the value of (-1 - -3) + -4 - 2?
-4
0 - -2 - (-8 + -1 + 14)
-3
Evaluate -13 - (-8 + 1 + -2 + 4).
-8
What is -1 - -2 - (-2 + 0 + 3)?
0
Evaluate (5 + -6 - -2) + (-2 - 1).
-2
Evaluate 5 - (8 + (-6 - -4)).
-1
What is the value of 2 + (-11 - (-3 - 7))?
1
What is the value of -2 + 8 + -9 - 4?
-7
What is 67 + -71 - (-1 + 2)?
-5
Calculate -1 + -2 + 2 + 4 + -2.
1
What is the value of (-3 - 0) + (24 - 13)?
8
(6 - (-4 + 8)) + 0
2
What is 5 + -7 - (-3 - 2)?
3
Calculate 10 + (10 - 24) - -4.
0
What is the value of 1 - (17 - 3 - 7 - 10)?
4
What is -2 - (-5 + (3 - 2) + 3)?
-1
Calculate 1 + -4 + (0 - (2 - 2)).
-3
Evaluate -7 + 21 - 9 - 6.
-1
What is the value of -6 + 0 + 3 + 3?
0
What is (-3 - -2) + 4 + -6 + 1?
-2
What is 12 + -6 + (-4 - -3)?
5
What is the value of 3 + (-20 + 16 - (3 + 2))?
-6
What is 5 - (8 - (-1 - -2))?
-2
What is the value of 4 + 19 + -18 + -1 + -1?
3
What is the value of -3 + (4 - (1 + -4))?
4
Evaluate -3 - (-7 + (1 - -4)) - 1.
-2
Calculate 11 + -16 + (-1 + -1 - -4).
-3
3 + (-4 - 1 - -5 - 6)
-3
Calculate 1 + 0 + -4 + (13 - 9).
1
-8 + 10 + -2 - -7
7
Calculate 0 - 4 - (-5 + -3).
4
Evaluate -3 + -3 - (-2 - (1 - 4)).
-7
What is (-6 - 0 - -2) + 4?
0
1 + (8 + -2 - 2)
5
Evaluate -4 + (-8 - -4) + 4 + 2.
-2
-1 - (-16 + 10) - -2
7
-2 + (-2 - 4) + 4
-4
What is the value of (-2 - -4) + 2 + (6 - 5)?
5
Evaluate 6 + -2 + 1 + -3.
2
Calculate 13 + (2 - (-6 + 16)).
5
15 + -6 - 4 - -1
6
Evaluate -7 + (6 + (-7 - -5) - 4).
-7
Calculate -4 - ((-2 - -8) + -10 + -1).
1
Calculate 2 - ((31 - 30) + (0 - -1)).
0
Evaluate 8 + (-13 - -4) - (-2 + -2).
3
(0 - 0 - -1) + 168 + -162
7
Calculate 4 + (11 - 3) + -8.
4
What is -5 + 8 - (2 + -1 - -1)?
1
What is the value of 2 - (-5 + (1 - -3))?
3
What is -2 - -3 - (-7 + 6) - 1?
1
What is the value of 1 + 3 + -3 + -1 - 0?
0
Evaluate 0 + (1 + 0 - (16 - 10)).
-5
What is (2 - 0) + (25 - 30)?
-3
What is (2 - (0 - (1 - 0))) + -1?
2
11 - (-12 + 2 - -17)
4
What is 1 - -1 - (38 - 37)?
1
What is the value of -1 - -6 - -2 - (2 + 1)?
4
What is the value of (3 - (-5 + 1 + 6)) + -9?
-8
Evaluate (1 - (-3 + 2)) + (-69 - -59).
-8
Calculate (-6 - -7) + -3 + 3 + -5.
-4
Calculate -4 + (1 + -1 - (-2 + -6)).
4
-1 + 1 - (5 + (1 - 1))
-5
Calculate -8 + (1 + 1 + -5 - -5).
-6
6 + (-5 - (4 - 7) - -5)
9
What is the value of 5 + (-4 - (-4 - -2))?
3
What is the value of -32 + 34 - (2 - (7 - 1))?
6
Evaluate (2 - 10) + 3 - -5.
0
Calculate 1 + (0 - (0 + -8 + 4)).
5
Evaluate -2 + 6 - (5 + (0 - 2)).
1
What is the value of 8 + (5 - 14 - 4)?
-5
Evaluate 8 + (-5 - -12) - 12.
3
Evaluate 2 - 8 - (3 + 0 + -7).
-2
What is the value of -5 - (-3 - -7 - 3 - 1)?
-5
What is 13 + 1 + -21 + 7?
0
Calculate 0 + -2 + 5 - -2.
5
(3 - (-6 + 2 - -6)) + 0
1
Evaluate 9 + -7 + 1 + -5.
-2
Evaluate -3 + -2 + (-38 - -40).
-3
Calculate -6 - (1 + -1 - (-15 + 15)).
-6
What is 4 + (4 - 9) + -1?
-2
What is the value of -5 + (-4 + 4 - -4)?
-1
Evaluate ((1 - 3) + 1 - -6) + -1.
4
Calculate -3 + 4 + (0 - 5).
-4
(-3 - -3 - 5) + (5 - -1)
1
Calculate (3 - 6 - 0) + 0 + 2.
-1
Evaluate -6 + -1 + 0 + (-4 - -9).
-2
What is -9 + -1 + 5 + 0 - -1?
-4
What is 1 + -1 + 2 + (3 - 3)?
2
What is 0 - (7 - 3) - -9?
5
Calculate (-2 - 0) + (9 - 2).
5
Calculate -1 + (-4 - -3) - -6.
4
Evaluate (0 - 5) + 2 - -3.
0
What is the value of 1 + (2 - 6) - (3 + -4)?
-2
Evaluate (-16 + 8 - 2) + 6.
-4
Evaluate 6 + -4 + 1 - (-1 + -1).
5
-2 + 2 - 0 - (0 - 3)
3
0 - (4 + -8 + (0 - 0))
4
Evaluate -11 + 5 - (-4 - (0 + -1)).
-3
What is -1 + (0 - (5 - 12) - 1)?
5
Calculate -4 + (-9 - (-3 + -6)).
-4
3 + -2 + (8 - 5)
4
Calculate (-6 - 2) + (1 - (2 + -7)).
-2
What is the value of 5 - 8 - -12 - 2?
7
What is the value of -1 - -4 - -2 - 2 - 6?
-3
What is the value of (1 - -2 - (10 - 3)) + 14?
10
Calculate -10 + 6 + -5 - -12.
3
-7 - -1 - (-17 + 7)
4
What is the value of -5 + (0 - -5 - -1 - 3)?
-2
What is -6 - (3 - (-8 + 10))?
-7
Calculate -5 - (-2 + 8 + -7).
-4
12 - 11 - ((1 - 1) + 2)
-1
(-4 - (10 - 9)) + 13
8
Evaluate (4 - -1 - 3) + (2 - 2).
2
Calculate 13 + -12 + (0 - 0) + 2.
3
Evaluate 6 - (8 + 1 + 0).
-3
What is the value of 2 - (3 + 0 - -2) - -3?
0
Evaluate (1 - 3) + 0 - 5.
-7
What is -1 - (-3 - -4) - (-8 - 3)?
9
What is 2 + (4 - ((1 - -1) + 0))?
4
Calculate -1 - -5 - (2 - -4 - 6).
4
What is -1 - (-5 - 7 - -22)?
-11
Evaluate -11 + 6 - (-9 + -1).
5
Calculate 7 + (3 - (-2 + 3 - -7)).
2
Calculate 8 + (-5 + -10 - -9).
2
Evaluate 11 + (3 + -4 - 5).
5
-1 + (-2 - 3) - (-1 - 1)
-4
What is the value of (-6 - 4) + 3 + 2?
-5
What is the value of (-1 - -2) + 13 + -18?
-4
What is -1 + 0 + 1 - (-184 + 188)?
-4
Evaluate -1 + -2 + -3 + (7 - 2).
-1
Calculate 15 + -14 - (1 - 4).
4
Evaluate -1 + -3 + -1 + 3 - 1.
-3
(6 - 6 - 7) + 2
-5
-6 - -2 - -4 - 0 - -4
4
Calculate -5 + (5 + 10 - 4) + -1.
5
What is 14 - (26 - (-9 - -10))?
-11
(1 + 8 - 9) + -1 + 9
8
What is 1 + -2 + 0 - (3 + -3)?
-1
Calculate -40 - -46 - (1 - 0).
5
Evaluate -6 + -1 - (-20 + 18).
-5
What is the value of 8 + -4 + -3 - (-2 - -7)?
-4
What is the value of -6 + 2 + -6 + 10?
0
55 + -49 - (12 - 2)
-4
Evaluate -3 - -2 - (-1 + 3 + -2).
-1
Calculate -88 + 93 + (-3 - 1).
1
Calculate 0 + 13 + -10 + -1.
2
Evaluate -4 + -3 + (8 - 6 - 5).
-10
What is (8 + (-11 - -8) - 0) + -8?
-3
Evaluate 3 + (8 - 15) - (3 - -1).
-8
Evaluate (-13 - -14) + (1 + -1 - 1).
0
Calculate (-3 - -6) + 1 + -8.
-4
Evaluate (-2 - -8) + -8 + 3.
1
3 + 2 + 2 - 1 - 4
2
Calculate -1 - (7 + -16 + 5).
3
What is the value of (-12 - 2) + 0 + (23 - 20)?
-11
Evaluate -7 + 5 + -2 - 4 - -5.
-3
Evaluate -6 + 6 + -4 + 7.
3
(-44 - -37) + (4 - (-2 - -1))
-2
Evaluate (0 - -3) + 1 - (12 + -1).
-7
What is (10 - 2) + (-9 - (7 + -8))?
0
(6 - 3) + (2 - 6) + -1
-2
Evaluate (42 - 60) + 13 + -4.
-9
What is the value of 2 + (3 - 9) - (0 - 2)?
-2
What is (4 - 6) + 2 - 1?
-1
(7 - (0 - (-1 + -1))) + -8
-3
Calculate -2 - (-5 + 1) - (1 - -2).
-1
Evaluate 2 - -1 - (0 + -5 + 4).
4
What is the value of -2 + 4 + (5 - (-1 + 3))?
5
What is 3 + (-7 - (-1 - -3)) + 3?
-3
What is the value of 6 - (-1 - -1) - 3?
3
What is the value of 0 + 4 - (2 + 3)?
-1
Evaluate 6 + 1 - 6 - 6.
-5
What is the value of 9 + -1 - (-8 - (-4 - 6))?
6
What is the value of -4 + -3 + (10 - 3)?
0
Evaluate 2 + -5 - -7 - 2.
2
Calculate (1 - -3) + -1 + 116 + -118.
1
Calculate 2 + 0 + -1 + -3.
-2
Evaluate (5 - 9 - -3) + 4.
3
Calculate (1 - (-5 + 6 + 0)) + 4.
4
Evaluate -4 + 1 + 9 + -5 + -5.
-4
Calculate 2 - (7 + -2 + (-7 - 0)).
4
(-13 - (20 + -25)) + 0 + 6
-2
What is (-3 - 3) + 1 - -2?
-3
Evaluate -3 - (2 + -4 + (-2 - -3)).
-2
(-10 + 0 - -14) + -6 + 1
-1
Evaluate -4 + 11 + (-11 - -4).
0
6 - (-2 + (0 - -7))
1
Calculate 1 + (-1 - -3 - 15) - -6.
-6
Calculate -5 + (-9 - (-6 + 3)) + 5.
-6
(2 - 4) + (-8 - (-5 - 2))
-3
1 + (3 + -9 - 1)
-6
(-7 - 0) + -14 + 19 + 0
-2
Evaluate 6 - 2 - (12 - -7 - 6).
-9
3 + 0 - (58 - 45)
-10
Evaluate -7 + 4 - (-9 - -4).
2
Calculate 2 - (-3 - -7 - -2).
-4
What is (0 - 11) + (-3 + -1 - -8)?
-7
What is the value of -55 - -40 - ((-4 - 8) + 4)?
-7
Evaluate (1 - -3) + -9 + 4 - 3.
-4
What is -2 - (-5 - 3) - (3 + -5)?
8
What is 0 - 1 - (-3 + 2 + -3)?
3
What is -14 - (-1 + 6 + -10 - 0)?
-9
Calculate 0 - (-1 - -2) - (-17 - -11).
5
Evaluate 5 + 5 + -11 + 2 + 5.
6
What is the value of 4 + -13 - (22 - 37)?
6
What is the value of -8 + 2 - (7 - 5 - 3)?
-5
What is -3 - (-5 + (5 - (-2 + 1)))?
-4
Evaluate 4 + -3 + 2 - 8.
-5
2 - (-1 - -5) - -1 - 1
-2
0 - (-7 - (-1 - (5 + -2)))
3
Evaluate -8 + 2 + (-7 - -5) - -7.
-1
Calculate -7 - ((1 - 2) + 